Let g(z) = -10*z**2 + z - 1. Let s be 112/144 - (22/(-18) + 1). Determine g(s).
-10
Let t(d) = -d**3 + 3*d**2 + 4*d - 1. Let o be 5*1/(-3)*-3. Suppose -o*g + 27 - 7 = 0. Calculate t(g).
-1
Suppose n - 5*w + 12 = 4*n, -6 = -2*w. Let p(b) = 3*b**2 - 1. Give p(n).
2
Let c(i) be the second derivative of i**2 + 1/12*i**4 + 0 - 2*i - 2/3*i**3. Give c(4).
2
Let p(r) = -4 + 0*r - 4*r + 9*r**2 - 10*r**2 + 7. Calculate p(-5).
-2
Suppose -3*l - 11 = 7. Let n(i) = 4*i - 1. Let o(u) = 7*u - 1. Let m(k) = -5*n(k) + 3*o(k). Calculate m(l).
-4
Let a = 363 - 360. Let w(s) be the third derivative of -s**4/8 + s**3/2 - 2*s**2. Calculate w(a).
-6
Let d(n) = -8 + 0 - 11*n + 7*n. Let t(a) = a. Let b(x) = -d(x) - 5*t(x). What is b(0)?
8
Let t(g) = -g**3 + 5*g**2 + 7*g - 3. Suppose -4*f + 30 = -4*y - 2, 5*y + 16 = f. Give t(f).
3
Let c(r) = r**2 + 8*r + 11. Let p be c(-6). Let j(q) = -4*q**3 + q**2 + q + 1. Calculate j(p).
5
Let y(k) = -k**3 - 2*k**2 + 4*k - 3. Let u(d) = d - 2. Suppose 5*h = -4*b + 4, -h - b - 1 = -2*b. Suppose 5*s - 20 = -h*s. Let r be u(s). What is y(r)?
-11
Let w(q) be the second derivative of -1/4*q**4 - q + 0 + q**2 + 1/20*q**5 - 1/3*q**3. Suppose -5*i - 2*z = -0*z - 12, 3*z = 2*i - 1. Determine w(i).
-6
Let n(x) = -x**2 + 2*x + 3. Suppose 23 = -5*z + 2*o, -o - 7 = z - 2*o. Give n(z).
-12
Let u(b) = -3*b**2 - 13*b + 13. Let g(q) = q**2 + 6*q - 6. Suppose -6*r + 5*r = 5. Let a(h) = r*g(h) - 2*u(h). Calculate a(3).
1
Let d(j) be the second derivative of j**3/2 + 2*j**2 + 7*j. What is d(-4)?
-8
Let y(w) be the second derivative of -w**5/20 - w**4/4 + w**3/6 - 2*w**2 + w + 35. Give y(-3).
-7
Let w(d) = d**2 - d - 1. Let m(f) = -2*f - 3. Suppose -2*k = -y - 2 - 1, 4*k = -4*y - 24. Let h(n) = k*m(n) + w(n). What is h(0)?
2
Let l(t) be the third derivative of -t**5/40 - t**4/8 - t**3 + 4*t**2. Let u(r) be the first derivative of l(r). What is u(-3)?
6
Let g(u) be the third derivative of u**5/60 - 5*u**3/6 - 6*u**2. Determine g(0).
-5
Suppose -v + 2 + 1 = 0. Suppose -v*w = 4*n + 40, 3*n + 4*w + 44 = -n. Let l(y) = -y - 3. Give l(n).
4
Let m(v) = -v**3 - 6*v**2 - 6*v - 1. Let l = -17 + 12. Determine m(l).
4
Let l(v) = 10*v**3 + 7*v + 1. Let i(q) = 7*q**3 + 5*q + 1. Let j(c) = -7*i(c) + 5*l(c). Let m = -1 + 3. Calculate j(m).
6
Suppose 3*l + 2*m = -m - 27, -2*m + 6 = -2*l. Let r(g) = -g - 3. Determine r(l).
3
Let k(x) = 3*x**2 - 4*x + 3. Let w be -1 + -2*1/(-2). Suppose w = -0*b + b - 3. Suppose -b*p - 1 = 3*l + 5, l = -2*p. Determine k(p).
7
Let l(m) = -m**2 + 4*m - 1. Let k be l(3). Let h(z) = 0*z - 3 + z**2 + k*z - 3*z - 5*z. Determine h(6).
-3
Let h(g) = 5*g - 8. Let y(m) = m. Let a(q) = -h(q) + 6*y(q). Let j be a(-7). Let o(z) = 6*z + 3 - 5*z - j. What is o(-3)?
-1
Let b = -1 + 2. Let h(r) be the second derivative of -3*r**3/2 - r**2/2 - 3*r. Let j(n) = -n. Let w(v) = h(v) - 2*j(v). Calculate w(b).
-8
Let x = 1/275 - -31/6600. Let u(g) be the third derivative of 5/24*g**4 + 1/20*g**5 - g**2 + 0 - 2/3*g**3 + 0*g - x*g**6. Calculate u(4).
0
Let v(o) = 10 + 0*o**2 - 8 - 7*o + o**2. Calculate v(6).
-4
Let a(t) be the first derivative of -7*t - 1/3*t**3 - 7/2*t**2 - 2. What is a(-5)?
3
Suppose h - 2*b - 19 = -6*b, -2*b + 17 = 3*h. Let c(w) be the first derivative of 2*w**2 - 3*w + 6. Calculate c(h).
9
Let f be (-1 - 0)*0/3. Suppose 0 = 4*i - 2*z + 5 + 3, f = -4*i + 4*z - 4. Let x(b) = -b + 4. What is x(i)?
7
Let a be (4/10)/(2/50). Suppose -5*t + a = x, 3*t - 3*x + 13 = t. Suppose -3*m - 5*c - 37 = 0, 2*m + t = c - 2. Let v(o) = o + 2. What is v(m)?
-2
Let g = -2 + 3. Let c(v) = 1 + 0 + 6*v + v**2 + 2 + g. Calculate c(-4).
-4
Let q(t) = -t**3 + 5*t**2 + 7*t + 4. Suppose 2*f = -2*f - v + 21, -4*f = 5*v - 9. Determine q(f).
10
Let d(j) = -9*j - 1. Let z(x) be the third derivative of x**2 + 1/6*x**3 + 1/6*x**4 + 0*x + 0. Let s(f) = -2*d(f) - 5*z(f). Calculate s(-2).
1
Suppose -28 = -8*c + 4*c. Let q(w) = w + c - 2 - 2*w. Suppose -3*l + 32 = 5*o, -6*l = -l + 2*o - 28. What is q(l)?
1
Let p(l) = -6*l - 1. Suppose -4*u = -u - 54. Let n = u + -19. Calculate p(n).
5
Let m(c) = -4*c + 3. Suppose 5*g - 19 - 31 = 0. Let q be g/4 - 2/(-4). What is m(q)?
-9
Let w(j) = j**2 - 2*j + 1. Let z = 15 - 13. Suppose -z = -4*x + 2*x. Calculate w(x).
0
Let n(i) = 3*i - 25. Let y be n(8). Let w(p) = 7*p + 1. Determine w(y).
-6
Let d(g) = 5*g**3 - 2*g**2 + 6*g + 8. Let p(f) = -6*f**3 + 3*f**2 - 7*f - 9. Let y(j) = -7*d(j) - 6*p(j). Let i be y(4). Let x(b) = -b - 1. Determine x(i).
1
Let j be (-10)/15 - 88/3. Let k = j + 24. Let u(b) = -3*b - 4. Determine u(k).
14
Let j(f) = -6*f + 0*f - 5 - 3*f + 10*f. What is j(5)?
0
Let h(x) be the first derivative of 2/3*x**3 - 2 - x - 1/4*x**4 - 1/2*x**2. Determine h(2).
-3
Let f be (-2)/5 + 21/(-35). Let o(h) be the first derivative of h**3 - h + 3. Calculate o(f).
2
Suppose -3*z - 20 = z. Let w = z + 5. Let a(y) = 2*y**2 + w + 2*y - 4 + 5. What is a(-1)?
1
Let w be (-12)/42 - (-30)/7. Let f(y) = -3 + 6 - w*y + 0*y + 3*y. Give f(-3).
6
Let m(r) = r**3 - r**2 - 5*r**2 - 5 - 41*r + 44*r. Let b = 15 + -9. What is m(b)?
13
Let y(k) = -k**3 - 4*k**2 + 4*k + 2. Let u be y(-5). Suppose -u*m + 4 = -3*m. Let v(d) = d**3 - d**2 + 1. What is v(m)?
1
Let w be 2*(30/4)/(-3). Let t = -10 - w. Let z(j) = j**3 + 4*j**2 - 4*j - 5. Calculate z(t).
-10
Let s = -6 + 12. Suppose s = -3*q + 3. Let p(b) be the second derivative of b**5/10 - b**4/12 - b**3/3 - b**2/2 - b. Determine p(q).
-2
Let k(r) = -3*r + 2. Let q(i) = i**3 - 7*i**2 + 5*i + 8. Let w be q(6). Let f(d) = 8 - 4 + d**3 - d**3 + 9*d**w + d**3. Let t be f(-9). What is k(t)?
-10
Let z(g) = -g**3 - 3*g**2 + 598*g - 4*g**2 - 603*g. Determine z(-5).
-25
Let h(a) = -2*a**2 + 10*a - 3. Let q(l) = -l**2. Let v(k) = 6*k**2 - 11*k + 1 + 3 - k**2. Let g(x) = 2*q(x) + v(x). Let o(w) = 3*g(w) + 4*h(w). What is o(-6)?
-6
Let z(i) = -7*i - 1. Let q(g) = 2*g + 1 - 2 - 5*g + 0. Let m(h) = 9*q(h) - 4*z(h). Give m(6).
1
Let g(t) = -t**2 + 12*t - 8. Let f be g(11). Let w = 3 - f. Let k(b) = -b**2 - b + 6. What is k(w)?
6
Let h(d) = -d**2. Let b(j) = 2*j - 6. Let l be b(4). Let g be (5/2 - l)*-2. Let t be g + -2 + (2 - 1). Determine h(t).
-4
Let p be (-32)/(-14) + (-8)/28. Let r(x) = 0*x**2 + 3*x + 3*x**p - 5 - 2*x**2. What is r(-5)?
5
Let f(u) = u + 6. Let v(z) = z**2 - 3*z - 2. Let n be v(3). Let j be ((-1)/2 - -2)*n. Let c be j*12/9 - 2. What is f(c)?
0
Let d(w) = -w - 2. Let k be d(2). Let o(t) = t**2 + 3*t + 4. Give o(k).
8
Let r(u) = u - 3. Let m be r(9). Let h be 4/m - 12/(-9). Let q(c) = -5*c - 2*c**h - 2 + 0*c**3 + c**3 + 4 - 4. Determine q(4).
10
Let k(g) = -g**2 - 2*g - 1. Let p(r) = -r - 1. Let a(y) = 3*k(y) - 4*p(y). Suppose 19 = -4*o + 63. Suppose -c = -2*w - 1, 0*c + 3*c = -2*w + o. Give a(w).
-4
Let r(f) = f**3 + 6*f**2 - 2*f - 2. Let k(p) = -p**3 + 15*p**2 + 17*p - 22. Let b be k(16). Determine r(b).
10
Let j(c) = -6*c**2 - 2*c - 4. Let z(t) = 13*t**2 + 4*t + 9. Let s(o) = -9*j(o) - 4*z(o). Let n be 1/(-2) - (-42)/4. Suppose -h - 4*h = n. Determine s(h).
4
Suppose r = 3*r - 8. Suppose -r*x = -3*v - 9, -4*v + x + 3*x = 8. Let z(g) = -6*g. Calculate z(v).
-6
Let t be (-4)/(-2) - 1*-1. Suppose o = -t + 2. Let g(w) = w + 1. Let x(l) = -3*l - 3. Let y(r) = 4*g(r) + x(r). What is y(o)?
0
Let g(r) be the third derivative of r**9/60480 - r**8/3360 + r**7/720 - r**6/144 + r**5/60 - r**2. Let p(s) be the third derivative of g(s). Determine p(5).
5
Let l(b) be the third derivative of -b**5/60 + b**4/6 + b**3 + 26*b**2. Determine l(5).
1
Let f be 2/(-2)*3/(-1). Let l(z) be the second derivative of -z**5/60 + z**4/6 - z**3/2 + z**2 + z. Let m(g) be the first derivative of l(g). What is m(f)?
0
Let d(t) be the first derivative of -t**4/4 - t**3/3 + t**2 + 2*t + 3. What is d(-2)?
2
Let v(w) = 4 + 6*w**2 - 5*w - 3*w**2 + 2*w**2 - 4*w**2. What is v(4)?
0
Let n(t) be the second derivative of t**3/6 - 3*t**2 + 6*t. Calculate n(6).
0
Let g(y) = y**2 - 5*y - 1. Let i = -9 + 24. Suppose f - i = -2*f. Give g(f).
-1
Let s(z) = z**2 - 4*z + 1. Suppose -4*a + 14 = 2*i, -5*a + 1 = -3*i - 0*a. What is s(i)?
-2
Let l(b) = -2*b - 54. Let h be l(-24). Let y(c) = 2*c + 4. What is y(h)?
-8
Let l(g) = -g**3 + 6*g**2 + 8*g - 1. Suppose 11 = h - 4*c - 12, 0 = -3*h + 3*c + 33. Let t be l(h). Let j(m) = m**2 - 6*m - 6. Give j(t).
-6
Le